{"id":54721,"date":"2021-10-21T15:40:36","date_gmt":"2021-10-21T13:40:36","guid":{"rendered":"https:\/\/19zoll.com\/historia\/"},"modified":"2025-03-25T14:29:00","modified_gmt":"2025-03-25T13:29:00","slug":"historia","status":"publish","type":"page","link":"https:\/\/19zoll.com\/es\/historia\/","title":{"rendered":"Historia"},"content":{"rendered":"<div class=\"et_pb_with_border et_d4_element et_pb_section et_pb_section_0 et_pb_with_background  et_pb_css_mix_blend_mode et_section_regular et_block_section\" >\n\t\t\t\t\n\t\t\t\t\n\t\t\t\t\n\t\t\t\t\n\t\t\t\t\n\t\t\t\t\n\t\t\t\t<div class=\"et_d4_element et_pb_row et_pb_row_0 et_pb_equal_columns et_pb_gutters3  et_pb_css_mix_blend_mode et_block_row\">\n\t\t\t\t<div class=\"et_d4_element et_pb_column_4_4 et_pb_column et_pb_column_0  et_pb_css_mix_blend_mode et-last-child et_block_column\">\n\t\t\t\t\n\t\t\t\t\n\t\t\t\t\n\t\t\t\t\n\t\t\t\t<div class=\"et_pb_module et_d4_element et_pb_text et_pb_text_0  et_pb_text_align_left et_pb_bg_layout_light\">\n\t\t\t\t\n\t\t\t\t\n\t\t\t\t\n\t\t\t\t\n\t\t\t\t<div class=\"et_pb_text_inner\"><h1><span>Tecnolog\u00eda CNC Daub en Wenden<\/span><\/h1>\n<p style=\"font-weight: 400;\">Fundada en 1997 por Detlev Daub, la entonces empresa unipersonal Daub CNC Technik inicialmente s\u00f3lo ofrec\u00eda procesamiento CNC de chapas met\u00e1licas para clientes locales.<\/p>\n<p style=\"font-weight: 400;\">DAUB CNC Technik es una empresa de crecimiento din\u00e1mico con rendimientos superiores a la media y est\u00e1 reconocida como el mejor proveedor y referente en soluciones de armarios personalizados para la protecci\u00f3n de conjuntos electr\u00f3nicos.<\/p>\n<p style=\"font-weight: 400;\">\n<p style=\"font-weight: 400;\">Estamos bien posicionados en Europa gracias a nuestra internacionalizaci\u00f3n selectiva y contamos con una amplia y profunda cartera de clientes de renta variable.<\/p>\n<p style=\"font-weight: 400;\">Disponemos de una gama de productos relevante para el cliente\/mercado que consolida nuestra posici\u00f3n como refinador de primera l\u00ednea de productos est\u00e1ndar del l\u00edder tecnol\u00f3gico.<\/p>\n<p style=\"font-weight: 400;\">Como distribuidor clave de productos Takachi en DACH y el noroeste de Europa, ofrecemos una cartera de productos claramente estructurada para soluciones personalizadas a partir de la gama est\u00e1ndar. Somos la referencia en la distribuci\u00f3n digital de cajas electr\u00f3nicas mecanizadas con una amplia gama de productos y servicios: econ\u00f3micos, automatizados y sostenibles. Como marca fuerte con una clara promesa de marca, se nos reconoce por nuestro rendimiento de entrega.  <\/p>\n<p style=\"font-weight: 400;\">\n<p style=\"font-weight: 400;\">Mediante la aplicaci\u00f3n coherente de procesos lean estructurados y transparentes y el uso de CRM en SAP Business One, apuntalamos nuestro liderazgo en calidad y contamos con una empresa basada en KPI, automatizada y desproporcionadamente rentable.<\/p>\n<p style=\"font-weight: 400;\">\n<p style=\"font-weight: 400;\">Gracias a la expansi\u00f3n inteligente de nuestra integraci\u00f3n vertical y a nuestra planificaci\u00f3n de la producci\u00f3n basada en KPI, estamos acortando nuestros tiempos de producci\u00f3n y racionalizando continuamente nuestros procesos de producci\u00f3n.<\/p>\n<p style=\"font-weight: 400;\">\n<p style=\"font-weight: 400;\">Somos l\u00edderes tecnol\u00f3gicos en material, formato, funci\u00f3n, tacto, dise\u00f1o, propiedades y referencia en el uso de tecnolog\u00edas de vanguardia en la presentaci\u00f3n, producci\u00f3n y configuraci\u00f3n de productos (realidad aumentada, automatizaci\u00f3n e individualizaci\u00f3n).<\/p>\n<p style=\"font-weight: 400;\">Aprovechamos la asociaci\u00f3n tecnol\u00f3gica y la fuerza innovadora de nuestro socio Takachi Electronics Enclosures para ampliar nuestra propia capacidad innovadora y aportar activamente y con \u00e9xito nuestras propias soluciones individuales al mercado.<\/p>\n<p style=\"font-weight: 400;\">\n<p style=\"font-weight: 400;\">Somos el socio de rendimiento reconocido para el perfeccionamiento de los productos Takachi en Europa.<\/p>\n<p style=\"font-weight: 400;\">\n<p style=\"font-weight: 400;\">Nuestra fuerte marca garantiza que todos los implicados se identifiquen con los objetivos de la empresa y su puesta en pr\u00e1ctica, y caracteriza nuestra cultura de gesti\u00f3n y corporativa y su futuro desarrollo sostenible.<\/p>\n<p style=\"font-weight: 400;\">\n<p style=\"font-weight: 400;\">Nuestra s\u00f3lida marca de empleador nos permite atraer y retener sucesivamente a empleados de alto rendimiento y altamente cualificados.<\/p>\n<p style=\"font-weight: 400;\">\n<p style=\"font-weight: 400;\">Actualmente se est\u00e1 creando una nueva instalaci\u00f3n de revestimiento de superficies en un nuevo emplazamiento en el pol\u00edgono industrial de Olpe H\u00fcppcherhammer. Con la empresa Daub - Oberfl\u00e4chentechnik, podemos anodizar y pasivar nuestros propios productos, as\u00ed como productos de aluminio como servicio. <\/p>\n<p style=\"font-weight: 400;\">\n<p style=\"font-weight: 400;\">Tambi\u00e9n vamos a crear un nuevo almac\u00e9n para poder suministrar directamente a nuestros clientes una gran variedad de armarios est\u00e1ndar en stock.<\/p>\n<p style=\"font-weight: 400;\">\n<p style=\"font-weight: 400;\">Comprueba por ti mismo la experiencia y la versatilidad: te invitamos a que eches un vistazo a los productos Daub en la sala de exposiciones de Wenden y te hagas una idea de la producci\u00f3n moderna.<\/p><\/div>\n\t\t\t<\/div>\n\t\t\t<\/div>\n\t\t\t\t\n\t\t\t\t\n\t\t\t\t\n\t\t\t\t\n\t\t\t<\/div>\n\t\t\t\t\n\t\t\t\t\n\t\t\t<\/div>\n","protected":false},"excerpt":{"rendered":"","protected":false},"author":1,"featured_media":0,"parent":0,"menu_order":0,"comment_status":"closed","ping_status":"closed","template":"","meta":{"inline_featured_image":false,"_et_pb_use_builder":"on","_et_pb_old_content":"","_et_gb_content_width":"","footnotes":""},"class_list":["post-54721","page","type-page","status-publish","hentry"],"yoast_head":"<!-- This site is optimized with the Yoast SEO plugin v27.5 - https:\/\/yoast.com\/product\/yoast-seo-wordpress\/ -->\n<title>Historia de Daub CNC Technik GmbH y Co. KG<\/title>\n<meta name=\"description\" content=\"Procesado de chapa CNC, fresadoras, carcasas de aluminio, revestimiento de superficies, impresi\u00f3n, anodizado, pasivado, serigraf\u00eda, impresi\u00f3n digital\" \/>\n<meta name=\"robots\" content=\"index, follow, max-snippet:-1, max-image-preview:large, max-video-preview:-1\" \/>\n<link rel=\"canonical\" href=\"https:\/\/19zoll.com\/es\/historia\/\" \/>\n<meta property=\"og:locale\" content=\"es_ES\" \/>\n<meta property=\"og:type\" content=\"article\" \/>\n<meta property=\"og:title\" content=\"Historia de Daub CNC Technik GmbH y Co. KG\" \/>\n<meta property=\"og:description\" content=\"Procesado de chapa CNC, fresadoras, carcasas de aluminio, revestimiento de superficies, impresi\u00f3n, anodizado, pasivado, serigraf\u00eda, impresi\u00f3n digital\" \/>\n<meta property=\"og:url\" content=\"https:\/\/19zoll.com\/es\/historia\/\" \/>\n<meta property=\"og:site_name\" content=\"Daub CNC\" \/>\n<meta property=\"article:modified_time\" content=\"2025-03-25T13:29:00+00:00\" \/>\n<meta property=\"og:image\" content=\"https:\/\/19zoll.com\/wp-content\/uploads\/2022\/04\/daub-logo-png.png\" \/>\n<meta name=\"twitter:card\" content=\"summary_large_image\" \/>\n<meta name=\"twitter:title\" content=\"Historia de Daub CNC Technik GmbH y Co. KG\" \/>\n<meta name=\"twitter:description\" content=\"Procesado de chapa CNC, fresadoras, carcasas de aluminio, revestimiento de superficies, impresi\u00f3n, anodizado, pasivado, serigraf\u00eda, impresi\u00f3n digital\" \/>\n<meta name=\"twitter:image\" content=\"https:\/\/19zoll.com\/wp-content\/uploads\/2022\/04\/daub-logo-png.png\" \/>\n<meta name=\"twitter:label1\" content=\"Tiempo de lectura\" \/>\n\t<meta name=\"twitter:data1\" content=\"3 minutos\" \/>\n<script type=\"application\/ld+json\" class=\"yoast-schema-graph\">{\"@context\":\"https:\\\/\\\/schema.org\",\"@graph\":[{\"@type\":\"WebPage\",\"@id\":\"https:\\\/\\\/19zoll.com\\\/es\\\/historia\\\/\",\"url\":\"https:\\\/\\\/19zoll.com\\\/es\\\/historia\\\/\",\"name\":\"Historia de Daub CNC Technik GmbH y Co. KG\",\"isPartOf\":{\"@id\":\"https:\\\/\\\/19zoll.com\\\/#website\"},\"datePublished\":\"2021-10-21T13:40:36+00:00\",\"dateModified\":\"2025-03-25T13:29:00+00:00\",\"description\":\"Procesado de chapa CNC, fresadoras, carcasas de aluminio, revestimiento de superficies, impresi\u00f3n, anodizado, pasivado, serigraf\u00eda, impresi\u00f3n digital\",\"breadcrumb\":{\"@id\":\"https:\\\/\\\/19zoll.com\\\/es\\\/historia\\\/#breadcrumb\"},\"inLanguage\":\"es\",\"potentialAction\":[{\"@type\":\"ReadAction\",\"target\":[\"https:\\\/\\\/19zoll.com\\\/es\\\/historia\\\/\"]}]},{\"@type\":\"BreadcrumbList\",\"@id\":\"https:\\\/\\\/19zoll.com\\\/es\\\/historia\\\/#breadcrumb\",\"itemListElement\":[{\"@type\":\"ListItem\",\"position\":1,\"name\":\"Startseite\",\"item\":\"https:\\\/\\\/19zoll.com\\\/es\\\/inicio\\\/\"},{\"@type\":\"ListItem\",\"position\":2,\"name\":\"Historia\"}]},{\"@type\":\"WebSite\",\"@id\":\"https:\\\/\\\/19zoll.com\\\/#website\",\"url\":\"https:\\\/\\\/19zoll.com\\\/\",\"name\":\"Daub CNC\",\"description\":\"Ein Webprojekt von IhrMediengestalter\",\"potentialAction\":[{\"@type\":\"SearchAction\",\"target\":{\"@type\":\"EntryPoint\",\"urlTemplate\":\"https:\\\/\\\/19zoll.com\\\/?s={search_term_string}\"},\"query-input\":{\"@type\":\"PropertyValueSpecification\",\"valueRequired\":true,\"valueName\":\"search_term_string\"}}],\"inLanguage\":\"es\"}]}<\/script>\n<!-- \/ Yoast SEO plugin. -->","yoast_head_json":{"title":"Historia de Daub CNC Technik GmbH y Co. KG","description":"Procesado de chapa CNC, fresadoras, carcasas de aluminio, revestimiento de superficies, impresi\u00f3n, anodizado, pasivado, serigraf\u00eda, impresi\u00f3n digital","robots":{"index":"index","follow":"follow","max-snippet":"max-snippet:-1","max-image-preview":"max-image-preview:large","max-video-preview":"max-video-preview:-1"},"canonical":"https:\/\/19zoll.com\/es\/historia\/","og_locale":"es_ES","og_type":"article","og_title":"Historia de Daub CNC Technik GmbH y Co. KG","og_description":"Procesado de chapa CNC, fresadoras, carcasas de aluminio, revestimiento de superficies, impresi\u00f3n, anodizado, pasivado, serigraf\u00eda, impresi\u00f3n digital","og_url":"https:\/\/19zoll.com\/es\/historia\/","og_site_name":"Daub CNC","article_modified_time":"2025-03-25T13:29:00+00:00","og_image":[{"url":"https:\/\/19zoll.com\/wp-content\/uploads\/2022\/04\/daub-logo-png.png","type":"","width":"","height":""}],"twitter_card":"summary_large_image","twitter_title":"Historia de Daub CNC Technik GmbH y Co. KG","twitter_description":"Procesado de chapa CNC, fresadoras, carcasas de aluminio, revestimiento de superficies, impresi\u00f3n, anodizado, pasivado, serigraf\u00eda, impresi\u00f3n digital","twitter_image":"https:\/\/19zoll.com\/wp-content\/uploads\/2022\/04\/daub-logo-png.png","twitter_misc":{"Tiempo de lectura":"3 minutos"},"schema":{"@context":"https:\/\/schema.org","@graph":[{"@type":"WebPage","@id":"https:\/\/19zoll.com\/es\/historia\/","url":"https:\/\/19zoll.com\/es\/historia\/","name":"Historia de Daub CNC Technik GmbH y Co. KG","isPartOf":{"@id":"https:\/\/19zoll.com\/#website"},"datePublished":"2021-10-21T13:40:36+00:00","dateModified":"2025-03-25T13:29:00+00:00","description":"Procesado de chapa CNC, fresadoras, carcasas de aluminio, revestimiento de superficies, impresi\u00f3n, anodizado, pasivado, serigraf\u00eda, impresi\u00f3n digital","breadcrumb":{"@id":"https:\/\/19zoll.com\/es\/historia\/#breadcrumb"},"inLanguage":"es","potentialAction":[{"@type":"ReadAction","target":["https:\/\/19zoll.com\/es\/historia\/"]}]},{"@type":"BreadcrumbList","@id":"https:\/\/19zoll.com\/es\/historia\/#breadcrumb","itemListElement":[{"@type":"ListItem","position":1,"name":"Startseite","item":"https:\/\/19zoll.com\/es\/inicio\/"},{"@type":"ListItem","position":2,"name":"Historia"}]},{"@type":"WebSite","@id":"https:\/\/19zoll.com\/#website","url":"https:\/\/19zoll.com\/","name":"Daub CNC","description":"Ein Webprojekt von IhrMediengestalter","potentialAction":[{"@type":"SearchAction","target":{"@type":"EntryPoint","urlTemplate":"https:\/\/19zoll.com\/?s={search_term_string}"},"query-input":{"@type":"PropertyValueSpecification","valueRequired":true,"valueName":"search_term_string"}}],"inLanguage":"es"}]}},"_links":{"self":[{"href":"https:\/\/19zoll.com\/es\/wp-json\/wp\/v2\/pages\/54721","targetHints":{"allow":["GET"]}}],"collection":[{"href":"https:\/\/19zoll.com\/es\/wp-json\/wp\/v2\/pages"}],"about":[{"href":"https:\/\/19zoll.com\/es\/wp-json\/wp\/v2\/types\/page"}],"author":[{"embeddable":true,"href":"https:\/\/19zoll.com\/es\/wp-json\/wp\/v2\/users\/1"}],"replies":[{"embeddable":true,"href":"https:\/\/19zoll.com\/es\/wp-json\/wp\/v2\/comments?post=54721"}],"version-history":[{"count":10,"href":"https:\/\/19zoll.com\/es\/wp-json\/wp\/v2\/pages\/54721\/revisions"}],"predecessor-version":[{"id":58354,"href":"https:\/\/19zoll.com\/es\/wp-json\/wp\/v2\/pages\/54721\/revisions\/58354"}],"wp:attachment":[{"href":"https:\/\/19zoll.com\/es\/wp-json\/wp\/v2\/media?parent=54721"}],"curies":[{"name":"wp","href":"https:\/\/api.w.org\/{rel}","templated":true}]}}

<div class="et_pb_with_border et_d4_element et_pb_section et_pb_section_0 et_pb_with_background  et_pb_css_mix_blend_mode et_section_regular et_block_section" >
				
				
				
				
				
				
				<div class="et_d4_element et_pb_row et_pb_row_0 et_pb_equal_columns et_pb_gutters3  et_pb_css_mix_blend_mode et_block_row">
				<div class="et_d4_element et_pb_column_4_4 et_pb_column et_pb_column_0  et_pb_css_mix_blend_mode et-last-child et_block_column">
				
				
				
				
				<div class="et_pb_module et_d4_element et_pb_text et_pb_text_0  et_pb_text_align_left et_pb_bg_layout_light">
				
				
				
				
				<div class="et_pb_text_inner"><h1><span>Tecnología CNC Daub en Wenden</span></h1>
<p style="font-weight: 400;">Fundada en 1997 por Detlev Daub, la entonces empresa unipersonal Daub CNC Technik inicialmente sólo ofrecía procesamiento CNC de chapas metálicas para clientes locales.</p>
<p style="font-weight: 400;">DAUB CNC Technik es una empresa de crecimiento dinámico con rendimientos superiores a la media y está reconocida como el mejor proveedor y referente en soluciones de armarios personalizados para la protección de conjuntos electrónicos.</p>
<p style="font-weight: 400;">
<p style="font-weight: 400;">Estamos bien posicionados en Europa gracias a nuestra internacionalización selectiva y contamos con una amplia y profunda cartera de clientes de renta variable.</p>
<p style="font-weight: 400;">Disponemos de una gama de productos relevante para el cliente/mercado que consolida nuestra posición como refinador de primera línea de productos estándar del líder tecnológico.</p>
<p style="font-weight: 400;">Como distribuidor clave de productos Takachi en DACH y el noroeste de Europa, ofrecemos una cartera de productos claramente estructurada para soluciones personalizadas a partir de la gama estándar. Somos la referencia en la distribución digital de cajas electrónicas mecanizadas con una amplia gama de productos y servicios: económicos, automatizados y sostenibles. Como marca fuerte con una clara promesa de marca, se nos reconoce por nuestro rendimiento de entrega.  </p>
<p style="font-weight: 400;">
<p style="font-weight: 400;">Mediante la aplicación coherente de procesos lean estructurados y transparentes y el uso de CRM en SAP Business One, apuntalamos nuestro liderazgo en calidad y contamos con una empresa basada en KPI, automatizada y desproporcionadamente rentable.</p>
<p style="font-weight: 400;">
<p style="font-weight: 400;">Gracias a la expansión inteligente de nuestra integración vertical y a nuestra planificación de la producción basada en KPI, estamos acortando nuestros tiempos de producción y racionalizando continuamente nuestros procesos de producción.</p>
<p style="font-weight: 400;">
<p style="font-weight: 400;">Somos líderes tecnológicos en material, formato, función, tacto, diseño, propiedades y referencia en el uso de tecnologías de vanguardia en la presentación, producción y configuración de productos (realidad aumentada, automatización e individualización).</p>
<p style="font-weight: 400;">Aprovechamos la asociación tecnológica y la fuerza innovadora de nuestro socio Takachi Electronics Enclosures para ampliar nuestra propia capacidad innovadora y aportar activamente y con éxito nuestras propias soluciones individuales al mercado.</p>
<p style="font-weight: 400;">
<p style="font-weight: 400;">Somos el socio de rendimiento reconocido para el perfeccionamiento de los productos Takachi en Europa.</p>
<p style="font-weight: 400;">
<p style="font-weight: 400;">Nuestra fuerte marca garantiza que todos los implicados se identifiquen con los objetivos de la empresa y su puesta en práctica, y caracteriza nuestra cultura de gestión y corporativa y su futuro desarrollo sostenible.</p>
<p style="font-weight: 400;">
<p style="font-weight: 400;">Nuestra sólida marca de empleador nos permite atraer y retener sucesivamente a empleados de alto rendimiento y altamente cualificados.</p>
<p style="font-weight: 400;">
<p style="font-weight: 400;">Actualmente se está creando una nueva instalación de revestimiento de superficies en un nuevo emplazamiento en el polígono industrial de Olpe Hüppcherhammer. Con la empresa Daub - Oberflächentechnik, podemos anodizar y pasivar nuestros propios productos, así como productos de aluminio como servicio. </p>
<p style="font-weight: 400;">
<p style="font-weight: 400;">También vamos a crear un nuevo almacén para poder suministrar directamente a nuestros clientes una gran variedad de armarios estándar en stock.</p>
<p style="font-weight: 400;">
<p style="font-weight: 400;">Comprueba por ti mismo la experiencia y la versatilidad: te invitamos a que eches un vistazo a los productos Daub en la sala de exposiciones de Wenden y te hagas una idea de la producción moderna.</p></div>
			</div>
			</div>
				
				
				
				
			</div>
				
				
			</div>

<!-- This site is optimized with the Yoast SEO plugin v27.5 - https://yoast.com/product/yoast-seo-wordpress/ -->
<title>Historia de Daub CNC Technik GmbH y Co. KG</title>
<meta name="description" content="Procesado de chapa CNC, fresadoras, carcasas de aluminio, revestimiento de superficies, impresión, anodizado, pasivado, serigrafía, impresión digital" />
<meta name="robots" content="index, follow, max-snippet:-1, max-image-preview:large, max-video-preview:-1" />
<link rel="canonical" href="https://19zoll.com/es/historia/" />
<meta property="og:locale" content="es_ES" />
<meta property="og:type" content="article" />
<meta property="og:title" content="Historia de Daub CNC Technik GmbH y Co. KG" />
<meta property="og:description" content="Procesado de chapa CNC, fresadoras, carcasas de aluminio, revestimiento de superficies, impresión, anodizado, pasivado, serigrafía, impresión digital" />
<meta property="og:url" content="https://19zoll.com/es/historia/" />
<meta property="og:site_name" content="Daub CNC" />
<meta property="article:modified_time" content="2025-03-25T13:29:00+00:00" />
<meta property="og:image" content="https://19zoll.com/wp-content/uploads/2022/04/daub-logo-png.png" />
<meta name="twitter:card" content="summary_large_image" />
<meta name="twitter:title" content="Historia de Daub CNC Technik GmbH y Co. KG" />
<meta name="twitter:description" content="Procesado de chapa CNC, fresadoras, carcasas de aluminio, revestimiento de superficies, impresión, anodizado, pasivado, serigrafía, impresión digital" />
<meta name="twitter:image" content="https://19zoll.com/wp-content/uploads/2022/04/daub-logo-png.png" />
<meta name="twitter:label1" content="Tiempo de lectura" />
	<meta name="twitter:data1" content="3 minutos" />
<script type="application/ld+json" class="yoast-schema-graph">{"@context":"https:\/\/schema.org","@graph":[{"@type":"WebPage","@id":"https:\/\/19zoll.com\/es\/historia\/","url":"https:\/\/19zoll.com\/es\/historia\/","name":"Historia de Daub CNC Technik GmbH y Co. KG","isPartOf":{"@id":"https:\/\/19zoll.com\/#website"},"datePublished":"2021-10-21T13:40:36+00:00","dateModified":"2025-03-25T13:29:00+00:00","description":"Procesado de chapa CNC, fresadoras, carcasas de aluminio, revestimiento de superficies, impresión, anodizado, pasivado, serigrafía, impresión digital","breadcrumb":{"@id":"https:\/\/19zoll.com\/es\/historia\/#breadcrumb"},"inLanguage":"es","potentialAction":[{"@type":"ReadAction","target":["https:\/\/19zoll.com\/es\/historia\/"]}]},{"@type":"BreadcrumbList","@id":"https:\/\/19zoll.com\/es\/historia\/#breadcrumb","itemListElement":[{"@type":"ListItem","position":1,"name":"Startseite","item":"https:\/\/19zoll.com\/es\/inicio\/"},{"@type":"ListItem","position":2,"name":"Historia"}]},{"@type":"WebSite","@id":"https:\/\/19zoll.com\/#website","url":"https:\/\/19zoll.com\/","name":"Daub CNC","description":"Ein Webprojekt von IhrMediengestalter","potentialAction":[{"@type":"SearchAction","target":{"@type":"EntryPoint","urlTemplate":"https:\/\/19zoll.com\/?s={search_term_string}"},"query-input":{"@type":"PropertyValueSpecification","valueRequired":true,"valueName":"search_term_string"}}],"inLanguage":"es"}]}</script>
<!-- / Yoast SEO plugin. -->

Procesado de chapa CNC, fresadoras, carcasas de aluminio, revestimiento de superficies, impresión, anodizado, pasivado, serigrafía, impresión digital
